42a9 (base 16) to base 9.
25361
What is -12c4 (base 13) in base 16?
-a87
What is b235 (base 12) in base 9?
28465
Convert -10000101110010 (base 2) to base 11.
-6484
141 (base 9) to base 14
86
2444 (base 5) to base 11
310
Convert -1001011100010101 (base 2) to base 12.
-1a471
What is 6761 (base 10) in base 7?
25466
What is -41739 (base 10) in base 6?
-521123
What is -28606 (base 9) in base 8?
-45766
What is a7a (base 15) in base 4?
210331
-17a (base 13) to base 7
-534
Convert 386 (base 9) to base 5.
2241
1984 (base 12) to base 4
300310
Convert 101000010010 (base 2) to base 6.
15534
What is -211602 (base 7) in base 12?
-19266
141a (base 11) to base 15
826
Convert 1010101111010 (base 2) to base 4.
1111322
What is 3025 (base 9) in base 2?
100010100010
-b19b (base 14) to base 6
-353141
-2582 (base 11) to base 2
-110100011101
Convert 102312 (base 5) to base 3.
11202001
Convert 2037 (base 10) to base 15.
90c
-86c (base 13) to base 10
-1442
What is 351 (base 9) in base 4?
10201
Convert 1612 (base 14) to base 15.
1276
Convert -2135 (base 13) to base 5.
-121412
What is -133221 (base 6) in base 7?
-51100
10e9 (base 16) to base 14
1813
Convert -490 (base 10) to base 2.
-111101010
What is -5723 (base 8) in base 14?
-1163
What is 859 (base 14) in base 11?
1268
29b (base 15) to base 3
211002
What is 136 (base 16) in base 14?
182
Convert 11763 (base 11) to base 8.
40770
1000000 (base 2) to base 3
2101
What is cd (base 16) in base 8?
315
What is 201100211 (base 3) in base 13?
656b
919 (base 12) to base 8
2445
Convert 103474 (base 8) to base 7.
202635
-11011 (base 2) to base 5
-102
What is 4332 (base 7) in base 6?
11050
Convert -4343 (base 6) to base 12.
-6b3
What is 9c (base 15) in base 11?
124
5a25 (base 11) to base 13
3791
20753 (base 8) to base 7
34213
-102201011 (base 3) to base 4
-2011120
What is -10022301 (base 4) in base 14?
-6317
Convert -1650 (base 7) to base 11.
-561
What is b4 (base 13) in base 16?
93
18a4 (base 12) to base 9
4107
What is -397 (base 10) in base 15?
-1b7
What is 1c09 (base 16) in base 4?
1300021
-21044 (base 6) to base 5
-42321
What is -3431142 (base 5) in base 10?
-61422
Convert -100101111 (base 2) to base 8.
-457
What is 72808 (base 9) in base 2?
1011101110101001
What is 1aec (base 16) in base 10?
6892
What is -2311 (base 8) in base 6?
-5401
Convert 1305 (base 6) to base 5.
2304
Convert c092 (base 13) to base 7.
140132
Convert -10100100100111 (base 2) to base 4.
-2210213
-517 (base 13) to base 2
-1101100001
What is -8a8a (base 11) in base 6?
-131204
What is -3302 (base 5) in base 2?
-111000100
What is -9bcb (base 14) in base 8?
-64627
1420 (base 5) to base 9
281
What is 53330 (base 7) in base 2?
11001110010010
What is 502 (base 12) in base 2?
1011010010
-20232 (base 4) to base 14
-2bc
1267 (base 14) to base 10
3227
-4e8 (base 16) to base 11
-a42
What is 9aa (base 12) in base 3?
1221211
What is 2120120222 (base 3) in base 15?
10072
Convert 220514 (base 6) to base 2.
100011110011110
51 (base 16) to base 10
81
-11000000010 (base 2) to base 9
-2088
-746a (base 11) to base 2
-10011010010101
What is -346 (base 8) in base 6?
-1022
2052 (base 9) to base 16
5e1
What is -10011 (base 2) in base 6?
-31
Convert 101135 (base 6) to base 9.
12035
What is 4b80 (base 12) in base 8?
20620
What is -3315 (base 7) in base 9?
-1560
Convert -1031330 (base 4) to base 15.
-1728
-7780 (base 11) to base 13
-4888
111223 (base 4) to base 11
1051
Convert 24740 (base 8) to base 5.
320340
-220537 (base 8) to base 5
-4332304
Convert 2606 (base 7) to base 6.
4322
Convert 101001110110000 (base 2) to base 12.
10494
120201 (base 4) to base 5
22234
What is 10000000101 (base 2) in base 10?
1029
Convert -1a95 (base 14) to base 6.
-34215
Convert 612 (base 10) to base 16.
264
11243 (base 5) to base 6
3451
What is 1824 (base 9) in base 2?
10101110111
Convert 1223 (base 12) to base 10.
2043
Convert -b765 (base 14) to base 3.
-1121102001
Convert -618 (base 10) to base 7.
-1542
What is 11255 (base 6) in base 5?
22434
-104534 (base 6) to base 14
-3318
-834 (base 9) to base 4
-22213
Convert -212231 (base 5) to base 4.
-1300113
Convert 430 (base 15) to base 10.
945
What is 311031 (base 4) in base 14?
1353
Convert -1010011011 (base 2) to base 11.
-557
-3330 (base 10) to base 7
-12465
Convert -2535c (base 13) to base 6.
-1250003
-577a (base 13) to base 11
-9244
What is -35553 (base 8) in base 7?
-62230
What is 11857 (base 10) in base 12?
6a41
What is 9916 (base 11) in base 5?
404320
-112 (base 4) to base 15
-17
What is -10100111111 (base 2) in base 7?
-3626
What is -2d5 (base 16) in base 15?
-335
-240 (base 16) to base 13
-354
What is 213 (base 16) in base 15?
256
What is 4451 (base 9) in base 11?
2518
21000 (base 4) to base 16
240
Convert -bb2 (base 14) to base 12.
-1408
What is -213 (base 15) in base 5?
-3333
-738 (base 16) to base 12
-10a0
-17102 (base 10) to base 11
-11938
Convert 1211031 (base 4) to base 16.
194d
Convert -5651 (base 8) to base 10.
-2985
-130314 (base 5) to base 12
-2b38
What is -1311344 (base 5) in base 10?
-25849
-315 (base 8) to base 13
-12a
bd (base 16) to base 14
d7
Convert -11312220 (base 4) to base 2.
-101110110101000
-42273 (base 9) to base 8
-66432
What is 10003112 (base 4) in base 2?
100000011010110
What is -1220 (base 4) in base 9?
-125
200112222 (base 3) to base 7
54302
Convert -12579 (base 10) to base 11.
-94a6
-10101101000 (base 2) to base 5
-21014
What is 433 (base 5) in base 8?
166
Convert -214132 (base 5) to base 16.
-1cf9
Convert -698 (base 12) to base 2.
-1111010100
What is -ada (base 14) in base 15?
-987
2164 (base 8) to base 7
3216
Convert 1053 (base 11) to base 15.
629
What is 29460 (base 12) in base 6?
1123000
What is -100010000 (base 2) in base 16?
-110
1400 (base 6) to base 14
1ba
8331 (base 11) to base 14
404d
Convert 1011101001101 (base 2) to base 14.
2261
What is -91 (base 10) in base 4?
-1123
Convert -5c09 (base 13) to base 3.
-122212022
Convert -6aa (base 13) to base 3.
-1120202
Convert -105255 (base 7) to base 3.
-221121010
Convert 4041 (base 5) to base 9.
638
Convert -1331 (base 5) to base 7.
-426
What is -183c6 (base 14) in base 3?
-10002212002
What is -557 (base 9) in base 5?
-3312
Convert 30323 (base 9) to base 15.
5d9c
What is -331 (base 14) in base 9?
-771
What is -24e (base 16) in base 10?
-590
Convert 7734 (base 12) to base 11.
996a
Convert 10011011000110 (base 2) to base 3.
111121122
154330 (base 6) to base 7
62310
1032 (base 4) to base 2
1001110
-33774 (base 9) to base 8
-53750
99cc (base 15) to base 4
13331100
What is -11413 (base 9) in base 14?
-2aca
Convert 16072 (base 8) to base 7.
30032
What is -45 (base 15) in base 5?
-230
What is -1616 (base 9) in base 10?
-1230
7332 (base 12) to base 15
3acb
What is -143 (base 15) in base 16?
-120
What is -255 (base 8) in base 4?
-2231
What is a1 (base 14) in base 11?
119
Convert -1003 (base 8) to base 15.
-245
-6111 (base 8) to base 12
-19a1
Convert -12141 (base 5) to base 10.
-921
527 (base 14) to base 7
2650
What is -2eb1 (base 15) in base 8?
-23522
Convert 27676 (base 11) to base 3.
2000001120
What is -1271 (base 8) in base 10?
-697
Convert -33000121 (base 4) to base 12.
-2b6a1
What is -211120 (base 3) in base 6?
-2453
a011 (base 11) to base 10
13322
Convert 27233 (base 9) to base 5.
1042132
-10042 (base 8) to base 5
-113010
Convert -304a (base 14) to base 2.
-10000001101010
11401 (base 5) to base 11
704
Convert -1e66 (base 16) to base 8.
-17146
Convert -12023 (base 11) to base 16.
-43b0
2024034 (base 5) to base 6
412511
-303112 (base 4) to base 6
-23114
43823 (base 10) to base 7
241523
Convert 344 (base 8) to base 16.
e4
What is -100111010111000 (base 2) in base 7?
-112516
What is 1007 (base 8) in base 3?
201020
What is 217 (base 13) in base 2?
101100110
-83 (base 15) to base 4
-1323
Convert 144 (base 12) to base 14.
100
70b1 (base 12) to base 9
17687
2022 (base 3) to base 14
46
-10001000 (base 3) to base 16
-8a6
304 (base 9) to base 12
187
What is -121020 (base 3) in base 14?
-234
Convert 6152 (base 10) to base 15.
1c52
Convert 97cd (base 15) to base 13.
11827
What is 3823 (base 9) in base 5?
42411
-14c (base 14) to base 7
-525
What is 51 (base 16) in base 13?
63
What is -1078 (base 10) in base 6?
-4554
What is 132153 (base 8) in base 3?
2100100122
What is 1543013 (base 6